 digit of m?
2
Let j(g) = g + 1. Let x be j(-7). Let a = -3 - x. What is the units digit of a?
3
What is the units digit of (24/9 + -3)*-45?
5
Let b(l) = 13*l - 10. What is the tens digit of b(3)?
2
Let h be -9 + (-1 - 0) + 3. Let p(l) = l + 9. What is the units digit of p(h)?
2
What is the tens digit of (1 + -4)/((-30)/710)?
7
Suppose -2*s + 11 = c, 21 = 5*s - 6*c + 2*c. Let q(l) = -l**2 + 5*l + 6. What is the units digit of q(s)?
6
Let r(j) = 6*j + 3. Let n be r(5). Suppose 81 = 5*s + a, 4*a = s - n - 0. What is the tens digit of s?
1
Suppose 0*q - 15*q + 90 = 0. What is the units digit of q?
6
Let x(y) = 162*y**2 + 3*y + 3. What is the tens digit of x(-1)?
6
Suppose -7*w + 86 = -292. What is the tens digit of w?
5
Suppose -8*d - d + 675 = 0. What is the tens digit of d?
7
Let m(p) = -p. Let u(y) = -y**2 - 17*y - 10. Let x(w) = -6*m(w) + u(w). What is the units digit of x(-4)?
8
Suppose -7*n = -5*n - 74. What is the tens digit of n?
3
Suppose 3*x - 5 = 31. What is the tens digit of x?
1
Suppose 6 + 3 = 3*w. Suppose -h = -0*h - w. What is the units digit of 2/h*(2 - -25)?
8
Let r(i) = 2*i**2 + 6*i - 5. Let c be r(-6). Let z = 38 + -60. Let y = z + c. What is the units digit of y?
9
Let m(a) be the first derivative of 4*a**2 - 2 + 0*a**2 - 2*a + 1 - 3*a**2. What is the units digit of m(3)?
4
Suppose -5*o = -5*f - 45, -4*f - 5*o + 1 = 10. Let d(h) = h + 7. What is the units digit of d(f)?
1
Let q(c) = -c - 5. Let g be q(4). Let n be (-4)/18 + (-47)/g. Suppose -n = 3*i - 23. What is the units digit of i?
6
Let u(z) = 2*z + 14 + 0*z - z**3 - z**2 - 6*z + 5*z. What is the tens digit of u(0)?
1
Let z(c) be the second derivative of 0 - 1/20*c**5 - c + 5/2*c**2 - 7/12*c**4 + 0*c**3. What is the units digit of z(-7)?
5
Suppose -3*p - 33 = -99. Suppose -g = -2*t - t + p, 2*t = 4*g + 8. What is the units digit of t?
8
Suppose z + 1 = 2. Let o(h) = 5*h**2 + 2*h - 1. Let i be o(z). Suppose 24 = 3*a + i. What is the units digit of a?
6
Let q(l) = 1 - 6 + 4*l - 2*l. Let i be q(6). Suppose c = -4*b + i + 25, 2*b = -c + 14. What is the units digit of b?
9
Suppose -5*j - 31 = -2*m, -2*m = j - 7 - 6. Suppose -5*f = -2*q - 68, 3*f - 35 - m = -q. What is the units digit of f?
4
Let n be -16*(-3)/(-9)*3. Let l be 9/(-6)*n/6. Suppose l*j - 3*j - 3 = 0. What is the units digit of j?
3
Let n = 13 + -2. Suppose 7*f - 2*f - 115 = -5*o, 3*f = o - n. What is the units digit of o?
0
Suppose -4*m + 733 - 165 = 0. Let s = m + -50. Suppose t - 5*t - s = -4*v, -t + 109 = 5*v. What is the tens digit of v?
2
Let r(n) = -n**2 + 16*n - 11. What is the tens digit of r(8)?
5
Let f(p) = -p - 3. Let u be f(-6). Suppose -n + u*l = 3*n - 85, 3*n = 5*l + 61. What is the units digit of n?
2
Let m(k) = 3*k**3 + 3*k - 6. What is the tens digit of m(3)?
8
Suppose 3*y + 150 = 6*y. Suppose -i - 19 + 84 = 5*d, 5*d - y = 2*i. What is the tens digit of d?
1
Let d(a) = 9*a**2 - a - 4. What is the units digit of d(-2)?
4
Suppose 19 = 5*k + 4. Suppose 108 = k*f + f. What is the tens digit of f?
2
Let d(g) = g + 3. Let k be d(-3). Suppose 2*z - 22 = -k*z. What is the tens digit of z?
1
Let j(a) = 7*a + 77. What is the units digit of j(24)?
5
Suppose -4*o - 29 = a, -3*a + 2*o + 21 = -4*a. Let u(t) = -t**3 - 12*t**2 - 10*t + 4. Let k be u(-11). Let q = k - a. What is the units digit of q?
6
Let l(i) = 2*i - 12. Let y = -5 - -16. What is the units digit of l(y)?
0
Let l(h) = h**3 + 3*h**2 - 4*h + 3. Let j be l(-4). Suppose z + 2*z - j = 0. What is the units digit of z?
1
Let h(y) = -4*y + 41. What is the units digit of h(-21)?
5
Let w(k) = -k**2 - 22*k + 6. What is the tens digit of w(-14)?
1
Let t(b) = b**2 - 5*b + 1. What is the units digit of t(5)?
1
Let n(h) = -h**3 + 7*h**2 - 7*h. What is the tens digit of n(4)?
2
Let v = 6 + -1. Let g be v/3 - 2/(-6). What is the units digit of 16/2 - 0 - g?
6
Let i(j) = -27*j**3 + 2*j**2 - 3*j + 2. Let n be i(1). Let u be 230/6 - 4/(-6). Let p = u + n. What is the tens digit of p?
1
Suppose -4*v - 44 = -4*r, 5*v - 3*v = r - 20. Let j = v + 14. What is the units digit of j?
5
Let y(z) = -2*z + 9. Let v be y(4). What is the units digit of (v - 5)/(4/(-6))?
6
What is the units digit of ((-3)/(-2))/((-39)/(-910))?
5
Let y be 0 - (0/(-1) + -1). Let s = 3 + y. Suppose 0 = -k + s + 2. What is the units digit of k?
6
Suppose -3*t + 419 = 5*q, t - 401 = -5*q + 4*t. What is the tens digit of q?
8
Let h be -1 - ((-1)/(-1) - 3). Suppose -h = -s + 1. Suppose -s*d = 2*q - 32, -q = 2*d - 21 - 10. What is the tens digit of d?
1
Let i(v) = 12*v - 13. Let y(w) = 11*w - 12. Let p(j) = 5*i(j) - 6*y(j). Let z(d) = 6*d - 6. Let n(s) = 5*p(s) + 6*z(s). What is the units digit of n(1)?
5
Let z = -11 + 8. Let m be 10*1/4*-2. Let h = z - m. What is the units digit of h?
2
Let g(z) = 6*z - 8. What is the units digit of g(4)?
6
Suppose 0 = 6*a - 2*a - 124. Let i = 62 - a. What is the tens digit of i?
3
Let b(x) = -x**2 - 10. Let y be b(0). Let k = y - -14. Suppose 64 = 8*g - k*g. What is the tens digit of g?
1
Suppose -2*v + 2*p - 25 = -69, 2*v + p - 29 = 0. What is the units digit of 5/(-20) + v/4?
4
Let i = 13 + -8. Suppose -25 = -i*c + 25. What is the units digit of c?
0
Suppose 18*i - 9*i = 1755. What is the hundreds digit of i?
1
Suppose -5*h = -4*n - 23, -7 = h + n + 4*n. Let y = 4 + h. What is the units digit of y?
7
Suppose k + 4*k = 5. Let i(y) = 4*y + 1. What is the units digit of i(k)?
5
Let v = 111 + 7. What is the tens digit of v?
1
Let a = 8 + -7. What is the units digit of (4/6)/(a/3)?
2
Suppose -z + 10 = 6. Let o be -1 + 0 - -3*27. Suppose 0 = -4*m - z*f + o, 5*m + f - 12 = 88. What is the units digit of m?
0
Suppose -u - 5*z + 6 = 0, 2*z = -u + 6*u - 3. Let k = u + 1. Suppose 4*j + 2*v = 4*v + 6, k*j + v - 9 = 0. What is the units digit of j?
3
Suppose 3*d - 575 = -5*q, 8*q - 3*q - 575 = -4*d. What is the units digit of q?
5
Let d be 1 - 1*(0 - -3). What is the units digit of d/11 + 280/88?
3
Let r be (-11)/(-3)*(-1 + 4). Let m = -7 + r. What is the units digit of m?
4
Let z = 45 - 24. What is the units digit of z?
1
Let u(y) = 34*y - 29. What is the hundreds digit of u(5)?
1
Let q be (-1 - -3)*(17 + 1). Suppose 0 = -4*x - n - n + 40, q = 3*x + 3*n. What is the units digit of x?
8
Suppose 4 + 4 = 2*n. What is the units digit of (9/(-2))/(-3)*n?
6
Let y(k) = -16*k + 7. What is the tens digit of y(-4)?
7
Let i be 0/1 - (-12)/4. What is the tens digit of (-1 - 8/i)*-3?
1
Let d(b) = -b**3 + 5*b**2 + 6*b + 4. Suppose -200 = -y - 4*y. Suppose 2*n + y = 4*p + 10, 0 = -3*n - 9. What is the units digit of d(p)?
4
Let d(l) = -15*l**2 - 1. Let o be d(1). Let g = o + 23. What is the units digit of g?
7
Let h = -53 + 161. What is the units digit of h?
8
Let t = -23 - -26. Suppose -t*k = 5*s - 231, -s = -0*k + k - 47. What is the tens digit of s?
4
Let a = -2 - -8. Suppose -c = -a*c - 60. What is the units digit of (4/c)/((-1)/18)?
6
Let i = 35 + -8. What is the tens digit of i?
2
Let q(n) = -n**2 - 8*n - 6. Let y(g) = g**2 + 8*g + 6. Let z(t) = -2*q(t) - 3*y(t). What is the units digit of z(-6)?
6
Let z(y) = -18*y - 4. Let g be z(-3). Let a be -3*28/9*-3. Let r = g - a. What is the units digit of r?
2
Let x(t) = t**3 - 5*t**2 - 4*t - 8. Let y be x(6). Suppose 3*r + 23 = 4*d - 0*d, -r + 3 = y*d. What is the units digit of d?
2
Let g = -6 + 7. What is the tens digit of 13/2*(g + 1)?
1
Suppose -3*g - 2*u = -548 + 30, -174 = -g - u. What is the hundreds digit of g?
1
Let s(i) = 2*i**2 - 8*i - 3. What is the tens digit of s(7)?
3
Let i be 0 + 2 + (0 - -10). Suppose 0 = -4*w + 40 + i. What is the units digit of w?
3
Let p(t) = 2*t**2 + 3*t + 1. Let w(a) = a**3 + 3*a**2 - 4*a + 5. Let y be w(-4). Let f = 3 - y. What is the units digit of p(f)?
3
What is the tens digit of (5/(-10))/((-2)/116)?
2
Suppose -352 = -5*h - 72. What is the units digit of h?
6
Let r(h) = 9*h - 5. Let w be r(7). Let u = -38 + w. What is the tens digit of u?
2
Let c = 43 + -12. What is the tens digit of c?
3
Suppose 5*y - 5*c + 115 = 0, -3*y + 4*c = -8*y - 115. Suppose 10*s = 5*s - 65. Let l = s - y. What is the tens digit of l?
1
Let o = 62 - 15. Let v = o + -7. What is the tens digit of v?
4
Let b(a) = 43*a**2 + a. Let x be b(1). Suppose 5*d - x = 61. What is the units digit of d?
1
Let d(p) = 4*p - 29. Let t(n) 